{"id":400,"date":"2024-11-18T23:58:57","date_gmt":"2024-11-18T22:58:57","guid":{"rendered":"https:\/\/wswg.pl\/?page_id=400"},"modified":"2024-11-19T01:02:34","modified_gmt":"2024-11-19T00:02:34","slug":"podziekowania-za-tp","status":"publish","type":"page","link":"https:\/\/wswg.pl\/?page_id=400","title":{"rendered":"Podzi\u0119kowania za TP:"},"content":{"rendered":"\n<div style=\"height:var(--wp--preset--spacing--50)\" aria-hidden=\"true\" class=\"wp-block-spacer\"><\/div>\n\n\n\n<div class=\"wp-block-group alignwide has-global-padding is-layout-constrained wp-block-group-is-layout-constrained\">\n<h1 class=\"wp-block-heading alignwide has-xx-large-font-size\" style=\"line-height:1.2\">Bardzo dzi\u0119kujemy Konfederacji Korony Polskiej, a szczeg\u00f3lnie pos\u0142om: Grzegorzowi Braunowi, Romanowi Fritzowi i W\u0142odzimierzowi Skalikowi za organizacj\u0119 pikiety pod siedzib\u0105 Lidl&#8217;a w Tarnowie Podg\u00f3rnym w dniu 15 listopada 2024 r. Pikieta by\u0142a zorganizowana przeciwko realizacji inwestycji Lidl&#8217;a w Gietrzwa\u0142dzie. Nazywa si\u0119 to centrum dystrybucyjnym, a w rzeczywisto\u015bci b\u0119dzie pot\u0119\u017cnym \u015bmietniskiem dewastuj\u0105cym to pi\u0119kne i bezcenne dla ka\u017cdego Polaka miejsce.  Najwa\u017cniejszy wniosek z tego faktu jest taki, \u017ce wreszcie pos\u0142owie w tak istotny spos\u00f3b wyra\u017caj\u0105 sw\u00f3j protest w tej sprawie. Przenosi to na inny, wy\u017cszy poziom protesty Polak\u00f3w przeciwko w\/w inwestycji, kt\u00f3ra tak na prawd\u0119 jest jak plucie nam Polakom w twarz przez naszych wrog\u00f3w.<\/h1>\n\n\n\n<h2 class=\"wp-block-heading alignwide has-xx-large-font-size\">Bardzo dzi\u0119kujemy tak\u017ce wszystkim, kt\u00f3rzy wzi\u0119li udzia\u0142 w pikiecie, a w szczeg\u00f3lno\u015bci tym, kt\u00f3rzy wykonali pi\u0119kn\u0105 dokumentacj\u0119 filmow\u0105 i zdj\u0119ciow\u0105 z tego wydarzenia. Szcz\u0119\u015b\u0107 Wam Bo\u017ce.<\/h2>\n<\/div>\n\n\n\n<div class=\"wp-block-group alignfull has-global-padding is-layout-constrained wp-container-core-group-is-layout-b25ccd55 wp-block-group-is-layout-constrained\" style=\"margin-top:0;margin-bottom:0;padding-top:var(--wp--preset--spacing--50);padding-right:var(--wp--preset--spacing--50);padding-bottom:var(--wp--preset--spacing--50);padding-left:var(--wp--preset--spacing--50)\">\n<div class=\"wp-block-columns alignwide is-layout-flex wp-container-core-columns-is-layout-ff4b9c61 wp-block-columns-is-layout-flex\" style=\"margin-top:0;margin-bottom:0\">\n<div class=\"wp-block-column is-layout-flow wp-container-core-column-is-layout-8a368f38 wp-block-column-is-layout-flow\">\n<figure class=\"wp-block-image size-large is-style-rounded is-style-rounded--1\"><img fetchpriority=\"high\" decoding=\"async\" width=\"1024\" height=\"576\" src=\"https:\/\/wswg.pl\/wp-content\/uploads\/2024\/11\/IMG_20241115_142357-1024x576.jpg\" alt=\"\" class=\"wp-image-402\" style=\"aspect-ratio:4\/3;object-fit:cover\" srcset=\"https:\/\/wswg.pl\/wp-content\/uploads\/2024\/11\/IMG_20241115_142357-1024x576.jpg 1024w, https:\/\/wswg.pl\/wp-content\/uploads\/2024\/11\/IMG_20241115_142357-300x169.jpg 300w, https:\/\/wswg.pl\/wp-content\/uploads\/2024\/11\/IMG_20241115_142357-768x432.jpg 768w, https:\/\/wswg.pl\/wp-content\/uploads\/2024\/11\/IMG_20241115_142357-1536x864.jpg 1536w, https:\/\/wswg.pl\/wp-content\/uploads\/2024\/11\/IMG_20241115_142357-2048x1152.jpg 2048w\" sizes=\"(max-width: 1024px) 100vw, 1024px\" \/><\/figure>\n\n\n\n<div style=\"height:var(--wp--preset--spacing--50)\" aria-hidden=\"true\" class=\"wp-block-spacer\"><\/div>\n\n\n\n\n\n<div style=\"height:var(--wp--preset--spacing--50)\" aria-hidden=\"true\" class=\"wp-block-spacer\"><\/div>\n\n\n<\/div>\n\n\n\n<div class=\"wp-block-column is-layout-flow wp-container-core-column-is-layout-8a368f38 wp-block-column-is-layout-flow\">\n<div style=\"height:var(--wp--preset--spacing--50)\" aria-hidden=\"true\" class=\"wp-block-spacer\"><\/div>\n\n\n\n<figure class=\"wp-block-image size-large is-style-rounded is-style-rounded--4\"><img decoding=\"async\" width=\"1024\" height=\"576\" src=\"https:\/\/wswg.pl\/wp-content\/uploads\/2024\/11\/IMG_20241115_132440-1024x576.jpg\" alt=\"\" class=\"wp-image-404\" style=\"aspect-ratio:3\/4;object-fit:cover\" srcset=\"https:\/\/wswg.pl\/wp-content\/uploads\/2024\/11\/IMG_20241115_132440-1024x576.jpg 1024w, https:\/\/wswg.pl\/wp-content\/uploads\/2024\/11\/IMG_20241115_132440-300x169.jpg 300w, https:\/\/wswg.pl\/wp-content\/uploads\/2024\/11\/IMG_20241115_132440-768x432.jpg 768w, https:\/\/wswg.pl\/wp-content\/uploads\/2024\/11\/IMG_20241115_132440-1536x864.jpg 1536w, https:\/\/wswg.pl\/wp-content\/uploads\/2024\/11\/IMG_20241115_132440-2048x1152.jpg 2048w\" sizes=\"(max-width: 1024px) 100vw, 1024px\" \/><\/figure>\n\n\n\n<div style=\"height:var(--wp--preset--spacing--50)\" aria-hidden=\"true\" class=\"wp-block-spacer\"><\/div>\n\n\n\n\n\n<div style=\"height:var(--wp--preset--spacing--50)\" aria-hidden=\"true\" class=\"wp-block-spacer\"><\/div>\n\n\n<\/div>\n\n\n\n<div class=\"wp-block-column is-layout-flow wp-container-core-column-is-layout-8a368f38 wp-block-column-is-layout-flow\">\n<figure class=\"wp-block-image size-large is-style-rounded is-style-rounded--7\"><img decoding=\"async\" width=\"1024\" height=\"576\" src=\"https:\/\/wswg.pl\/wp-content\/uploads\/2024\/11\/IMG_20241115_142525-1024x576.jpg\" alt=\"\" class=\"wp-image-405\" style=\"aspect-ratio:3\/4;object-fit:cover\" srcset=\"https:\/\/wswg.pl\/wp-content\/uploads\/2024\/11\/IMG_20241115_142525-1024x576.jpg 1024w, https:\/\/wswg.pl\/wp-content\/uploads\/2024\/11\/IMG_20241115_142525-300x169.jpg 300w, https:\/\/wswg.pl\/wp-content\/uploads\/2024\/11\/IMG_20241115_142525-768x432.jpg 768w, https:\/\/wswg.pl\/wp-content\/uploads\/2024\/11\/IMG_20241115_142525-1536x864.jpg 1536w, https:\/\/wswg.pl\/wp-content\/uploads\/2024\/11\/IMG_20241115_142525-2048x1152.jpg 2048w\" sizes=\"(max-width: 1024px) 100vw, 1024px\" \/><\/figure>\n\n\n\n<div style=\"height:var(--wp--preset--spacing--50)\" aria-hidden=\"true\" class=\"wp-block-spacer\"><\/div>\n\n\n\n\n\n<div style=\"height:var(--wp--preset--spacing--50)\" aria-hidden=\"true\" class=\"wp-block-spacer\"><\/div>\n\n\n<\/div>\n\n\n\n<div class=\"wp-block-column is-layout-flow wp-container-core-column-is-layout-8a368f38 wp-block-column-is-layout-flow\">\n<div style=\"height:var(--wp--preset--spacing--50)\" aria-hidden=\"true\" class=\"wp-block-spacer\"><\/div>\n\n\n\n<figure class=\"wp-block-image size-large is-style-rounded is-style-rounded--10\"><img loading=\"lazy\" decoding=\"async\" width=\"1024\" height=\"576\" src=\"https:\/\/wswg.pl\/wp-content\/uploads\/2024\/11\/IMG_20241115_142431-1024x576.jpg\" alt=\"\" class=\"wp-image-403\" style=\"aspect-ratio:1;object-fit:cover\" srcset=\"https:\/\/wswg.pl\/wp-content\/uploads\/2024\/11\/IMG_20241115_142431-1024x576.jpg 1024w, https:\/\/wswg.pl\/wp-content\/uploads\/2024\/11\/IMG_20241115_142431-300x169.jpg 300w, https:\/\/wswg.pl\/wp-content\/uploads\/2024\/11\/IMG_20241115_142431-768x432.jpg 768w, https:\/\/wswg.pl\/wp-content\/uploads\/2024\/11\/IMG_20241115_142431-1536x864.jpg 1536w, https:\/\/wswg.pl\/wp-content\/uploads\/2024\/11\/IMG_20241115_142431-2048x1152.jpg 2048w\" sizes=\"(max-width: 1024px) 100vw, 1024px\" \/><\/figure>\n\n\n\n<div style=\"height:var(--wp--preset--spacing--50)\" aria-hidden=\"true\" class=\"wp-block-spacer\"><\/div>\n\n\n\n\n\n<div style=\"height:var(--wp--preset--spacing--50)\" aria-hidden=\"true\" class=\"wp-block-spacer\"><\/div>\n\n\n<\/div>\n<\/div>\n\n\n\n<div class=\"wp-block-buttons alignwide is-layout-flex wp-block-buttons-is-layout-flex\">\n<div class=\"wp-block-button\"><a class=\"wp-block-button__link wp-element-button\" href=\"https:\/\/www.youtube.com\/watch?v=GhZ1tfnp2So&amp;t=164s\">Link do relacji z wydarzenia na kanale YT MUR Przytomnych Pozna\u0144<\/a><\/div>\n<\/div>\n<\/div>\n\n\n\n<div class=\"wp-block-buttons alignwide is-layout-flex wp-block-buttons-is-layout-flex\">\n<div class=\"wp-block-button\"><a class=\"wp-block-button__link wp-element-button\" href=\"https:\/\/www.youtube.com\/watch?v=5CXCX9-WSXM&amp;t=3s\">Link do relacji z wydarzenia na kanale YT Grzegorz Braun<\/a><\/div>\n<\/div>\n\n\n\n<div class=\"wp-block-buttons alignwide is-layout-flex wp-block-buttons-is-layout-flex\">\n<div class=\"wp-block-button\"><a class=\"wp-block-button__link wp-element-button\" href=\"https:\/\/www.youtube.com\/watch?v=0k4rrv0SHAg&amp;t=53s\">Link do relacji z wydarzenia na kanale YT Grzegorz Braun komentarze<\/a><\/div>\n<\/div>\n\n\n\n<div class=\"wp-block-buttons alignwide is-layout-flex wp-block-buttons-is-layout-flex\">\n<div class=\"wp-block-button\"><a class=\"wp-block-button__link wp-element-button\" href=\"https:\/\/wswg.pl\/\">Powr\u00f3t na ston\u0119 g\u0142\u00f3wn\u0105<\/a><\/div>\n<\/div>\n\n\n\n<p><\/p>\n","protected":false},"excerpt":{"rendered":"<p>Bardzo dzi\u0119kujemy Konfederacji Korony Polskiej, a szczeg\u00f3lnie pos\u0142om: Grzegorzowi Braunowi, Romanowi Fritzowi i W\u0142odzimierzowi Skalikowi za organizacj\u0119 pikiety pod siedzib\u0105 Lidl&#8217;a w Tarnowie Podg\u00f3rnym w dniu 15 listopada 2024 r. Pikieta by\u0142a zorganizowana przeciwko realizacji inwestycji Lidl&#8217;a w Gietrzwa\u0142dzie. Nazywa si\u0119 to centrum dystrybucyjnym, a w rzeczywisto\u015bci b\u0119dzie pot\u0119\u017cnym \u015bmietniskiem dewastuj\u0105cym to pi\u0119kne i bezcenne [&hellip;]<\/p>\n","protected":false},"author":1,"featured_media":0,"parent":0,"menu_order":0,"comment_status":"closed","ping_status":"closed","template":"","meta":{"footnotes":""},"class_list":["post-400","page","type-page","status-publish","hentry"],"yoast_head":"<!-- This site is optimized with the Yoast SEO plugin v22.4 - https:\/\/yoast.com\/wordpress\/plugins\/seo\/ -->\n<title>Podzi\u0119kowania za TP: - wordpressplugins<\/title>\n<meta name=\"robots\" content=\"index, follow, max-snippet:-1, max-image-preview:large, max-video-preview:-1\" \/>\n<link rel=\"canonical\" href=\"https:\/\/wswg.pl\/?page_id=400\" \/>\n<meta property=\"og:locale\" content=\"pl_PL\" \/>\n<meta property=\"og:type\" content=\"article\" \/>\n<meta property=\"og:title\" content=\"Podzi\u0119kowania za TP: - wordpressplugins\" \/>\n<meta property=\"og:description\" content=\"Bardzo dzi\u0119kujemy Konfederacji Korony Polskiej, a szczeg\u00f3lnie pos\u0142om: Grzegorzowi Braunowi, Romanowi Fritzowi i W\u0142odzimierzowi Skalikowi za organizacj\u0119 pikiety pod siedzib\u0105 Lidl&#8217;a w Tarnowie Podg\u00f3rnym w dniu 15 listopada 2024 r. Pikieta by\u0142a zorganizowana przeciwko realizacji inwestycji Lidl&#8217;a w Gietrzwa\u0142dzie. Nazywa si\u0119 to centrum dystrybucyjnym, a w rzeczywisto\u015bci b\u0119dzie pot\u0119\u017cnym \u015bmietniskiem dewastuj\u0105cym to pi\u0119kne i bezcenne [&hellip;]\" \/>\n<meta property=\"og:url\" content=\"https:\/\/wswg.pl\/?page_id=400\" \/>\n<meta property=\"og:site_name\" content=\"wordpressplugins\" \/>\n<meta property=\"article:modified_time\" content=\"2024-11-19T00:02:34+00:00\" \/>\n<meta property=\"og:image\" content=\"https:\/\/wswg.pl\/wp-content\/uploads\/2024\/11\/IMG_20241115_142357-1024x576.jpg\" \/>\n<meta name=\"twitter:card\" content=\"summary_large_image\" \/>\n<meta name=\"twitter:label1\" content=\"Szacowany czas czytania\" \/>\n\t<meta name=\"twitter:data1\" content=\"4 minuty\" \/>\n<script type=\"application\/ld+json\" class=\"yoast-schema-graph\">{\"@context\":\"https:\/\/schema.org\",\"@graph\":[{\"@type\":\"WebPage\",\"@id\":\"https:\/\/wswg.pl\/?page_id=400\",\"url\":\"https:\/\/wswg.pl\/?page_id=400\",\"name\":\"Podzi\u0119kowania za TP: - wordpressplugins\",\"isPartOf\":{\"@id\":\"https:\/\/wswg.pl\/#website\"},\"primaryImageOfPage\":{\"@id\":\"https:\/\/wswg.pl\/?page_id=400#primaryimage\"},\"image\":{\"@id\":\"https:\/\/wswg.pl\/?page_id=400#primaryimage\"},\"thumbnailUrl\":\"https:\/\/wswg.pl\/wp-content\/uploads\/2024\/11\/IMG_20241115_142357-1024x576.jpg\",\"datePublished\":\"2024-11-18T22:58:57+00:00\",\"dateModified\":\"2024-11-19T00:02:34+00:00\",\"breadcrumb\":{\"@id\":\"https:\/\/wswg.pl\/?page_id=400#breadcrumb\"},\"inLanguage\":\"pl-PL\",\"potentialAction\":[{\"@type\":\"ReadAction\",\"target\":[\"https:\/\/wswg.pl\/?page_id=400\"]}]},{\"@type\":\"ImageObject\",\"inLanguage\":\"pl-PL\",\"@id\":\"https:\/\/wswg.pl\/?page_id=400#primaryimage\",\"url\":\"https:\/\/wswg.pl\/wp-content\/uploads\/2024\/11\/IMG_20241115_142357-scaled.jpg\",\"contentUrl\":\"https:\/\/wswg.pl\/wp-content\/uploads\/2024\/11\/IMG_20241115_142357-scaled.jpg\",\"width\":2560,\"height\":1440},{\"@type\":\"BreadcrumbList\",\"@id\":\"https:\/\/wswg.pl\/?page_id=400#breadcrumb\",\"itemListElement\":[{\"@type\":\"ListItem\",\"position\":1,\"name\":\"Home\",\"item\":\"https:\/\/wswg.pl\/\"},{\"@type\":\"ListItem\",\"position\":2,\"name\":\"Podzi\u0119kowania za TP:\"}]},{\"@type\":\"WebSite\",\"@id\":\"https:\/\/wswg.pl\/#website\",\"url\":\"https:\/\/wswg.pl\/\",\"name\":\"wordpressplugins\",\"description\":\"1-sza strona wswg\",\"potentialAction\":[{\"@type\":\"SearchAction\",\"target\":{\"@type\":\"EntryPoint\",\"urlTemplate\":\"https:\/\/wswg.pl\/?s={search_term_string}\"},\"query-input\":\"required name=search_term_string\"}],\"inLanguage\":\"pl-PL\"}]}<\/script>\n<!-- \/ Yoast SEO plugin. -->","yoast_head_json":{"title":"Podzi\u0119kowania za TP: - wordpressplugins","robots":{"index":"index","follow":"follow","max-snippet":"max-snippet:-1","max-image-preview":"max-image-preview:large","max-video-preview":"max-video-preview:-1"},"canonical":"https:\/\/wswg.pl\/?page_id=400","og_locale":"pl_PL","og_type":"article","og_title":"Podzi\u0119kowania za TP: - wordpressplugins","og_description":"Bardzo dzi\u0119kujemy Konfederacji Korony Polskiej, a szczeg\u00f3lnie pos\u0142om: Grzegorzowi Braunowi, Romanowi Fritzowi i W\u0142odzimierzowi Skalikowi za organizacj\u0119 pikiety pod siedzib\u0105 Lidl&#8217;a w Tarnowie Podg\u00f3rnym w dniu 15 listopada 2024 r. Pikieta by\u0142a zorganizowana przeciwko realizacji inwestycji Lidl&#8217;a w Gietrzwa\u0142dzie. Nazywa si\u0119 to centrum dystrybucyjnym, a w rzeczywisto\u015bci b\u0119dzie pot\u0119\u017cnym \u015bmietniskiem dewastuj\u0105cym to pi\u0119kne i bezcenne [&hellip;]","og_url":"https:\/\/wswg.pl\/?page_id=400","og_site_name":"wordpressplugins","article_modified_time":"2024-11-19T00:02:34+00:00","og_image":[{"url":"https:\/\/wswg.pl\/wp-content\/uploads\/2024\/11\/IMG_20241115_142357-1024x576.jpg"}],"twitter_card":"summary_large_image","twitter_misc":{"Szacowany czas czytania":"4 minuty"},"schema":{"@context":"https:\/\/schema.org","@graph":[{"@type":"WebPage","@id":"https:\/\/wswg.pl\/?page_id=400","url":"https:\/\/wswg.pl\/?page_id=400","name":"Podzi\u0119kowania za TP: - wordpressplugins","isPartOf":{"@id":"https:\/\/wswg.pl\/#website"},"primaryImageOfPage":{"@id":"https:\/\/wswg.pl\/?page_id=400#primaryimage"},"image":{"@id":"https:\/\/wswg.pl\/?page_id=400#primaryimage"},"thumbnailUrl":"https:\/\/wswg.pl\/wp-content\/uploads\/2024\/11\/IMG_20241115_142357-1024x576.jpg","datePublished":"2024-11-18T22:58:57+00:00","dateModified":"2024-11-19T00:02:34+00:00","breadcrumb":{"@id":"https:\/\/wswg.pl\/?page_id=400#breadcrumb"},"inLanguage":"pl-PL","potentialAction":[{"@type":"ReadAction","target":["https:\/\/wswg.pl\/?page_id=400"]}]},{"@type":"ImageObject","inLanguage":"pl-PL","@id":"https:\/\/wswg.pl\/?page_id=400#primaryimage","url":"https:\/\/wswg.pl\/wp-content\/uploads\/2024\/11\/IMG_20241115_142357-scaled.jpg","contentUrl":"https:\/\/wswg.pl\/wp-content\/uploads\/2024\/11\/IMG_20241115_142357-scaled.jpg","width":2560,"height":1440},{"@type":"BreadcrumbList","@id":"https:\/\/wswg.pl\/?page_id=400#breadcrumb","itemListElement":[{"@type":"ListItem","position":1,"name":"Home","item":"https:\/\/wswg.pl\/"},{"@type":"ListItem","position":2,"name":"Podzi\u0119kowania za TP:"}]},{"@type":"WebSite","@id":"https:\/\/wswg.pl\/#website","url":"https:\/\/wswg.pl\/","name":"wordpressplugins","description":"1-sza strona wswg","potentialAction":[{"@type":"SearchAction","target":{"@type":"EntryPoint","urlTemplate":"https:\/\/wswg.pl\/?s={search_term_string}"},"query-input":"required name=search_term_string"}],"inLanguage":"pl-PL"}]}},"_links":{"self":[{"href":"https:\/\/wswg.pl\/index.php?rest_route=\/wp\/v2\/pages\/400","targetHints":{"allow":["GET"]}}],"collection":[{"href":"https:\/\/wswg.pl\/index.php?rest_route=\/wp\/v2\/pages"}],"about":[{"href":"https:\/\/wswg.pl\/index.php?rest_route=\/wp\/v2\/types\/page"}],"author":[{"embeddable":true,"href":"https:\/\/wswg.pl\/index.php?rest_route=\/wp\/v2\/users\/1"}],"replies":[{"embeddable":true,"href":"https:\/\/wswg.pl\/index.php?rest_route=%2Fwp%2Fv2%2Fcomments&post=400"}],"version-history":[{"count":2,"href":"https:\/\/wswg.pl\/index.php?rest_route=\/wp\/v2\/pages\/400\/revisions"}],"predecessor-version":[{"id":410,"href":"https:\/\/wswg.pl\/index.php?rest_route=\/wp\/v2\/pages\/400\/revisions\/410"}],"wp:attachment":[{"href":"https:\/\/wswg.pl\/index.php?rest_route=%2Fwp%2Fv2%2Fmedia&parent=400"}],"curies":[{"name":"wp","href":"https:\/\/api.w.org\/{rel}","templated":true}]}}